e
Is 53551 composite?
False
Is 67055 a composite number?
True
Is 12601 a prime number?
True
Is 158201 a composite number?
False
Is 24937 a composite number?
True
Is 130619 prime?
True
Is 1850542 composite?
True
Is 68261 a prime number?
True
Is 10977 prime?
False
Is 1425111 a composite number?
True
Is 23437 composite?
True
Is 7463 a composite number?
True
Is 3691 prime?
True
Is 5387 a prime number?
True
Is 16973 composite?
True
Is 396205 prime?
False
Is 2155 a prime number?
False
Is 4981 a composite number?
True
Is 183907 a composite number?
False
Is 5147 prime?
True
Is 967999 a composite number?
False
Is 745727 a prime number?
True
Is 6326 composite?
True
Is 8419 a composite number?
False
Is 6297 a composite number?
True
Is 5458 a composite number?
True
Is 457 composite?
False
Is 237613 a composite number?
True
Is 64189 composite?
False
Is 1419634 a composite number?
True
Is 109195 a composite number?
True
Is 609563 composite?
True
Is 27617 a prime number?
True
Is 12517 a composite number?
False
Is 1362689 a prime number?
True
Is 472645 a composite number?
True
Is 715985 a composite number?
True
Is 4100651 a prime number?
True
Is 18529 a prime number?
False
Is 53113 prime?
True
Is 116407 a composite number?
True
Is 6521 prime?
True
Is 3037 a composite number?
False
Is 23083 prime?
False
Is 55357 composite?
True
Is 29099 composite?
True
Is 44723 a composite number?
True
Is 825019 a composite number?
True
Is 10489 a composite number?
True
Is 3353 a prime number?
False
Is 34223 a prime number?
False
Is 3859 a composite number?
True
Is 88393 composite?
True
Is 666821 prime?
True
Is 17159 composite?
False
Is 104087 prime?
True
Is 246733 a prime number?
False
Is 16883 a composite number?
False
Is 7555 a prime number?
False
Is 306521 a prime number?
False
Is 449 prime?
True
Is 449 a composite number?
False
Is 113269 prime?
False
Is 1721 prime?
True
Is 1648821 composite?
True
Is 61001 a prime number?
True
Is 214849 a prime number?
True
Is 38474 prime?
False
Is 12949 a prime number?
False
Is 33409 composite?
False
Is 1039366 a prime number?
False
Is 140347 composite?
True
Is 4873 composite?
True
Is 4569313 a composite number?
True
Is 163561 a composite number?
False
Is 2345313 composite?
True
Is 54218 composite?
True
Is 9197 prime?
False
Is 53321 a composite number?
True
Is 460799 composite?
True
Is 1637 a composite number?
False
Is 1005089 composite?
True
Is 16271 a composite number?
True
Is 226087 a prime number?
True
Is 25261 a prime number?
True
Is 1102469 prime?
False
Is 44683 a composite number?
False
Is 65179 a prime number?
True
Is 17669 a composite number?
False
Is 333019 a prime number?
True
Is 377873 prime?
True
Is 32491 composite?
False
Is 3521 a prime number?
False
Is 4 prime?
False
Is 778 composite?
True
Is 3592679 composite?
False
Is 420607 prime?
False
Is 275447 a prime number?
True
Is 2333 prime?
True
Is 7849 prime?
False
Is 925945 a prime number?
False
Is 1895 prime?
False
Is 10577 composite?
True
Is 13829 prime?
True
Is 52627 composite?
False
Is 32167 a prime number?
False
Is 4262 a prime number?
False
Is 178649 prime?
False
Is 211 composite?
False
Is 1713 prime?
False
Is 1017539 composite?
False
Is 621151 a composite number?
True
Is 803119 a prime number?
True
Is 332359 a prime number?
False
Is 1477 prime?
False
Is 113437 a composite number?
False
Is 18563 prime?
False
Is 1200341 composite?
False
Is 296041 prime?
True
Is 7531 a composite number?
True
Is 4393 a prime number?
False
Is 21161 a composite number?
True
Is 38351 a prime number?
True
Is 140329 a composite number?
True
Is 3463 a composite number?
False
Is 15809 a prime number?
True
Is 233907 composite?
True
Is 18299 prime?
False
Is 123001 composite?
False
Is 19027 prime?
False
Is 180329 a composite number?
True
Is 103561 a prime number?
True
Is 76667 composite?
False
Is 250253 prime?
True
Is 162655 prime?
False
Is 109207 a composite number?
True
Is 3261 composite?
True
Is 10169 a composite number?
False
Is 7087 a prime number?
False
Is 184565 prime?
False
Is 197339 composite?
False
Is 414763 prime?
True
Is 6469 prime?
True
Is 182261 composite?
False
Is 548533 composite?
False
Is 33013 prime?
True
Is 868358 prime?
False
Is 42043 prime?
True
Is 595343 composite?
True
Is 492379 a prime number?
False
Is 69983 a prime number?
False
Is 180881 a prime number?
False
Is 2939 prime?
True
Is 211277 a prime number?
False
Is 65629 a prime number?
True
Is 105817 a prime number?
True
Is 210893 a prime number?
False
Is 6119 a prime number?
False
Is 130883 prime?
False
Is 8227 a composite number?
True
Is 500833 a prime number?
False
Is 10001 composite?
True
Is 73583 a composite number?
False
Is 3203 prime?
True
Is 809 prime?
True
Is 107093 prime?
False
Is 3127 prime?
False
Is 7901 a composite number?
False
Is 49319 prime?
False
Is 1003433 a composite number?
False
Is 15929 a prime number?
False
Is 4951 prime?
True
Is 188459 composite?
False
Is 11149 composite?
False
Is 11269 prime?
False
Is 254557 composite?
False
Is 138101 a prime number?
True
Is 7531 prime?
False
Is 197101 a composite number?
False
Is 1061 a prime number?
True
Is 125453 composite?
False
Is 717059 prime?
False
Is 6458 a composite number?
True
Is 257 a prime number?
True
Is 16319 a composite number?
False
Is 392663 a composite number?
False
Is 112883 composite?
True
Is 18817 a composite number?
True
Is 8587 composite?
True
Is 2722117 composite?
False
Is 16307 a composite number?
True
Is 613079 a prime number?
False
Is 23519 a composite number?
True
Is 42737 prime?
True
Is 630823 prime?
True
Is 6547 composite?
False
Is 142097 a composite number?
False
Is 38837 composite?
True
Is 58759 a composite number?
True
Is 3749 a composite number?
True
Is 2789 a prime number?
True
Is 1441 composite?
True
Is 419639 a composite number?
True
Is 4507 prime?
True
Is 23251 a prime number?
True
Is 975747 a composite number?
True
Is 365137 prime?
True
Is 80071 a composite number?
False
Is 126067 composite?
False
Is 33593 prime?
False
Is 20201 composite?
False
Is 24559 a composite number?
True
Is 14417 a prime number?
False
Is 3947 prime?
True
Is 8923 a prime number?
True
Is 129907 a prime number?
False
Is 46229 composite?
False
Is 1655 a composite number?
True
Is 333313 a prime number?
False
Is 230327 composite?
False
Is 118091 a composite number?
True
Is 20653 a composite number?
True
Is 14631 composite?
True
Is 1116743 a composite number?
False
Is 85781 prime?
True
Is 3659 a prime number?
True
Is 17239 a prime number?
True
Is 3943 prime?
True
Is 191309 prime?
False
Is 627887 composite?
True
Is 6761 prime?
True
Is 203629 a composite number?
True
Is 347357 a composite number?
True
Is 6029 composite?
False
Is 1115 a composite number?
True
Is 1151 composite?
False
Is 1291 a prime number?
True
Is 226027 composite?
False
Is 17597 a composite number?
False
Is 545 a composite number?
True
Is 6146297 composite?
False
Is 12197 a composite number?
False
Is 74999 a prime number?
False
Is 16199 a composite number?
True
Is 271897 a prime number?
True
Is 95617 a composite number?
False
Is 219703 prime?
False
Is 889 a prime number?
False
Is 819767 composite?
True
Is 58043 composite?
False
Is 230105 composite?
True
Is 1087 a composite number?
False
Is 59403 composite?
True
Is 802573 a composite number?
False
Is 3805 a prime number?
False
Is 109609 a composite number?
False
Is 866347 prime?
False
Is 35669 composite?
True
Is 9965 prime?
False
Is 5633 prime?
False
Is 15539 composite?
True
Is 16934 composite?
True
Is 33107 a composite number?
False
Is 1777 prime?
True
Is 152003 a composite number?
False
Is 65 composite?
True
Is 23849 a prime number?
False
Is 110773 composite?
True
Is 468733 a composite number?
True
Is 101081 prime?
True
Is 12319 a composite number?
True
Is 108271 a prime number?
True
Is 23891 a prime number?
False
Is 2657 prime?
True
Is 11251 a prime number?
True
Is 310334 composite?
True
Is 360079 prime?
False
Is 106 prime?
False
Is 737047 prime?
True
Is 14438 prime?
False
Is 1153441 prime?
True
Is 1850089 composite?
False
Is 265703 a composite number?
False
Is 8709 composite?
True
Is 140603 composite?
False
Is 28586 a composite number?
True
Is 164677 a composite number?
False
Is 28787 prime?
False
Is 529097 a prime number?
True
Is 1008101 